?
True
Does 12 divide 1147839516?
True
Is 29026774 a multiple of 2062?
True
Is 21585422 a multiple of 46?
False
Is 233775379 a multiple of 105?
False
Is 1609572 a multiple of 339?
True
Is 515555031 a multiple of 60?
False
Does 96 divide 232393248?
True
Does 2637 divide 16607826?
True
Is 227 a factor of 15920645?
True
Does 34 divide 1266225?
False
Does 10526 divide 4603882932?
True
Is 1036251017 a multiple of 284?
False
Is 2690 a factor of 1724016869?
False
Does 472 divide 4465345144?
True
Is 3018 a factor of 154693626?
True
Is 4648136139 a multiple of 179?
True
Is 101564036 a multiple of 14?
True
Is 90 a factor of 2545863198?
False
Does 68 divide 47267412?
True
Is 5719 a factor of 2356679801?
True
Is 67888504 a multiple of 15?
False
Is 1988634017 a multiple of 343?
False
Is 17691696 a multiple of 3564?
True
Is 793 a factor of 1803767252?
False
Does 98 divide 10431723?
False
Does 50 divide 1724056234?
False
Does 84 divide 129015852?
True
Is 14 a factor of 1318840250?
True
Does 11 divide 739166571?
True
Is 59524320 a multiple of 269?
True
Is 53 a factor of 37028818?
False
Is 3468472 a multiple of 28?
True
Is 618 a factor of 13835166?
True
Is 90743759 a multiple of 625?
False
Is 60 a factor of 4456279260?
True
Does 89 divide 40249595?
False
Does 159 divide 33081858?
True
Is 42219142 a multiple of 2194?
True
Does 984 divide 1022805024?
True
Is 63 a factor of 672399315?
True
Is 737891581 a multiple of 749?
True
Does 585 divide 1179601605?
True
Is 25 a factor of 6243972?
False
Does 18 divide 2886696?
True
Is 41 a factor of 1716094?
False
Does 32 divide 3220603?
False
Is 19 a factor of 7858628?
True
Is 285720470 a multiple of 290?
True
Does 62 divide 89153419?
False
Is 5105507 a multiple of 38?
False
Is 35 a factor of 624639120?
True
Is 28882368 a multiple of 16?
True
Is 999 a factor of 122483615?
False
Is 316409793 a multiple of 21?
True
Is 603 a factor of 196956081?
True
Is 17 a factor of 318720556?
True
Is 45271376 a multiple of 548?
True
Is 10042907 a multiple of 7?
True
Does 21 divide 633727752?
True
Does 6 divide 29386386?
True
Does 86 divide 224991308?
True
Does 24 divide 9344088?
True
Is 67430058 a multiple of 2841?
False
Is 17 a factor of 490144?
True
Does 6295 divide 741381035?
True
Is 17 a factor of 62449092?
True
Does 662 divide 27584216?
True
Is 885 a factor of 45429705?
True
Does 12 divide 1348087160?
False
Does 2069 divide 533190884?
False
Is 19 a factor of 1709215623?
True
Is 653 a factor of 19408726?
False
Is 14950627 a multiple of 6?
False
Does 98 divide 82572840?
True
Does 3511 divide 2704362580?
False
Does 1678 divide 25235442?
True
Is 384250068 a multiple of 972?
True
Does 57 divide 82271406?
True
Does 2 divide 33170900?
True
Is 847983775 a multiple of 3781?
True
Is 4165203 a multiple of 1687?
True
Is 109071270 a multiple of 5923?
False
Does 90 divide 59880510?
True
Is 147456457 a multiple of 618?
False
Does 192 divide 307955361?
False
Is 2 a factor of 107450348?
True
Is 72049302 a multiple of 39?
True
Is 312 a factor of 14535127?
False
Is 1078744289 a multiple of 379?
True
Is 386 a factor of 9724884?
True
Does 4 divide 49826380?
True
Is 494 a factor of 313901538?
False
Is 157 a factor of 207375334?
True
Does 170 divide 80186298?
False
Is 13 a factor of 42200151?
False
Is 31 a factor of 34933652?
True
Is 2029988418 a multiple of 9811?
False
Does 21 divide 8305311?
True
Does 310 divide 24741006?
False
Is 313496401 a multiple of 110?
False
Does 2532 divide 1421543292?
True
Is 2204109973 a multiple of 35?
False
Does 28 divide 1192268?
True
Is 212909482 a multiple of 64?
False
Does 108 divide 58564404?
True
Is 361 a factor of 55225679?
False
Is 81 a factor of 1566716337?
True
Is 169 a factor of 2983188?
True
Does 484 divide 30831928?
False
Is 48 a factor of 1180110144?
True
Is 292810736 a multiple of 37?
False
Is 273843990 a multiple of 1530?
True
Does 400 divide 30820400?
True
Is 877472932 a multiple of 4642?
False
Is 478 a factor of 34742968?
False
Is 36752783 a multiple of 19?
True
Is 30 a factor of 60240829?
False
Does 12774 divide 595498332?
True
Is 135252752 a multiple of 8?
True
Is 166 a factor of 85449164?
True
Is 126 a factor of 223737066?
True
Is 1288307139 a multiple of 511?
True
Does 2451 divide 50821485?
True
Is 10824610 a multiple of 5?
True
Is 145756800 a multiple of 175?
True
Is 223617604 a multiple of 7?
True
Is 603 a factor of 22033017?
True
Is 24 a factor of 34091808?
True
Is 3064 a factor of 743951456?
True
Does 596 divide 28764487?
False
Is 65545375 a multiple of 25?
True
Is 41 a factor of 110620914?
False
Does 727 divide 22582074?
True
Is 430783500 a multiple of 525?
True
Is 847452998 a multiple of 25?
False
Is 91881600 a multiple of 32?
True
Is 15940248 a multiple of 279?
False
Does 5272 divide 37879320?
True
Is 491 a factor of 78923340?
True
Is 49 a factor of 25498525?
False
Does 41 divide 29323733?
True
Is 242551072 a multiple of 939?
False
Is 29 a factor of 169804164?
True
Is 1021428900 a multiple of 450?
True
Is 10 a factor of 4594345420?
True
Is 170 a factor of 759759920?
True
Is 235 a factor of 11667045?
True
Does 625 divide 134398750?
True
Is 7 a factor of 43053024?
True
Is 27714414 a multiple of 273?
True
Is 2201906404 a multiple of 7804?
True
Is 722 a factor of 2087350374?
True
Is 513 a factor of 2808225612?
True
Does 665 divide 13250541?
False
Is 21805330 a multiple of 1315?
True
Does 736 divide 149532384?
True
Is 7028075 a multiple of 31?
False
Does 2446 divide 26945136?
True
Is 18394462 a multiple of 554?
True
Is 181288926 a multiple of 489?
True
Is 224526833 a multiple of 8932?
False
Does 55 divide 537654645?
True
Is 3870757898 a multiple of 2705?
False
Is 14 a factor of 14882462?
True
Is 14334464 a multiple of 59?
False
Is 4 a factor of 1887409284?
True
Is 1949 a factor of 54340605?
False
Is 5 a factor of 206470?
True
Is 124468144 a multiple of 1601?
True
Is 907436188 a multiple of 4468?
False
Is 168 a factor of 113607144?
True
Is 237 a factor of 15856310?
False
Is 13793436 a multiple of 9?
True
Is 16 a factor of 1329883296?
True
Is 1143859835 a multiple of 36?
False
Is 332567124 a multiple of 320?
False
Is 2993398848 a multiple of 9018?
True
Is 26136973 a multiple of 18?
False
Is 44 a factor of 416868529?
False
Does 26 divide 371302379?
False
Does 622 divide 2978698902?
False
Is 77829066 a multiple of 6?
True
Does 66 divide 41429982?
True
Is 39 a factor of 1957905176?
False
Is 742689945 a multiple of 1647?
True
Is 3218 a factor of 20907346?
True
Is 365 a factor of 13257788?
False
Does 73 divide 11003540?
False
Is 2552850 a multiple of 9?
True
Is 342 a factor of 37085171?
False
Does 67 divide 8656878?
False
Is 23 a factor of 35007889?
False
Is 2543 a factor of 190857236?
True
Does 821 divide 53277974?
True
Is 35 a factor of 487318825?
True
Is 25610556 a multiple of 2128?
False
Is 24077865 a multiple of 145?
False
Does 178 divide 414024262?
True
Is 788 a factor of 6165312?
True
Does 2194 divide 144983908?
True
Is 494810964 a multiple of 12?
True
Is 16 a factor of 2764841680?
True
Is 95 a factor of 102869894?
False
Is 2898 a factor of 8158099?
False
Does 42 divide 612153431?
False
Is 2431 a factor of 206284936?
True
Is 913 a factor of 28470992?
True
Is 233818145 a multiple of 43?
False
Does 36 divide 4907772?
True
Is 649903385 a multiple of 632?
False
Does 120 divide 23385778?
False
Does 2400 divide 162528000?
True
Is 118 a factor of 30108526?
True
Is 244775491 a multiple of 76?
False
Is 122 a factor of 363944178?
True
Does 2356 divide 1068393895?
False
Does 736 divide 46090528?
True
Does 14 divide 1155693980?
True
Does 2824 divide 141168936?
True
Is 666 a factor of 1363572916?
False
Does 1688 divide 1287957504?
True
Is 7 a factor of 7810807?
False
Is 1717465488 a multiple of 4485?
False
Is 408537271 a multiple of 3163?
False
Does 681 divide 163612974?
True
Is 13532782 a multiple of 20?
False
Is 1263722905 a multiple of 1945?
True
Is 856 a factor of 31397482?
False
Is 25946544 a multiple of 172?
True
Is 71 a factor of 837063091?
True
Is 6 a factor of 70264730?
False
Is 17867188 a multiple of 21?
False
Does 9974 divide 1401428855?
False
Does 185 divide 383589360?
True
Is 12 a factor of 5305200?
True
Is 85204062 a multiple of 3?
True
Is 41426312 a multiple of 33?
False
Does 214 divide 94155720?
T